 what is -2 - -4e4d?
4e4b
In base 2, what is 1000000 + -100011000000?
-100010000000
In base 8, what is -361 + 1664?
1303
In base 7, what is -12066 - 11?
-12110
In base 2, what is -10010000100100111010 + -10?
-10010000100100111100
In base 10, what is -41 - 146?
-187
In base 6, what is -113 + 123021?
122504
In base 2, what is -10111 + 1001101000?
1001010001
In base 12, what is 6282 + 45?
6307
In base 16, what is -e9 - 14a?
-233
In base 8, what is -12233431 - 4?
-12233435
In base 13, what is -2457784 - -3?
-2457781
In base 14, what is -732a - -6c?
-729c
In base 16, what is f + -1ec?
-1dd
In base 13, what is 27397 - -2?
27399
In base 6, what is -2 + -2413040?
-2413042
In base 2, what is 1000000 + 10010101101?
10011101101
In base 13, what is -1305 + 23?
-12b2
In base 15, what is -4ca - -3c?
-48d
In base 7, what is -11 - 50630?
-50641
In base 12, what is -59 + -12421?
-1247a
In base 14, what is 4 + 2151?
2155
In base 8, what is 15074 - -1024?
16120
In base 16, what is 5 - -2d74?
2d79
In base 4, what is 30223003 - 2?
30223001
In base 12, what is -315b6 - -1?
-315b5
In base 14, what is -1671c - -8?
-16714
In base 9, what is 108 + 1233?
1342
In base 15, what is 9c - 21a?
-16d
In base 4, what is -1 - -32221323?
32221322
In base 11, what is -3045 + 53?
-2aa2
In base 13, what is -ba25 + -57?
-ba7c
In base 6, what is -501 + 1112?
211
In base 2, what is 100 - -1000011101001110101?
1000011101001111001
In base 6, what is -424053 + -4?
-424101
In base 7, what is 50521 + 13?
50534
In base 5, what is 10024 + -1033?
3441
In base 8, what is -134367 - -4?
-134363
In base 6, what is 5 - -55152?
55201
In base 15, what is 0 - 20d1?
-20d1
In base 15, what is -5 + -a677?
-a67c
In base 3, what is 101 - -21021?
21122
In base 3, what is -101010 + 1210000?
1101220
In base 9, what is 33655 + 16?
33672
In base 6, what is 24030542 + 1?
24030543
In base 4, what is 310031 - 13121?
230310
In base 15, what is dcc3 + 3?
dcc6
In base 14, what is 1b + 250?
26b
In base 5, what is -1000003 + -2?
-1000010
In base 5, what is -220011 + -1?
-220012
In base 6, what is -524143 - 1?
-524144
In base 13, what is 145 - -267?
3ac
In base 15, what is 2 - 1203e?
-1203c
In base 10, what is 150 - -8201?
8351
In base 15, what is 104 + -1d3?
-ce
In base 2, what is -1 - -110111101011?
110111101010
In base 16, what is -176 + -493?
-609
In base 16, what is 6 + -3f85?
-3f7f
In base 13, what is 247137 + 4?
24713b
In base 8, what is 1 + -131440?
-131437
In base 3, what is 2 + -1002002221021?
-1002002221012
In base 8, what is 205 - 6111?
-5704
In base 16, what is 5f3bf8 - 4?
5f3bf4
In base 13, what is -5a654c - 5?
-5a6554
In base 8, what is -1022 - 1?
-1023
In base 9, what is -2734 - -2?
-2732
In base 16, what is 2f6 - 26?
2d0
In base 15, what is 19c2d + -3?
19c2a
In base 16, what is -1e + -1954?
-1972
In base 5, what is 32213 + -22?
32141
In base 8, what is 20627 + -6?
20621
In base 3, what is 1201 + -10011020?
-10002112
In base 12, what is a - -3b6b?
3b79
In base 12, what is -3 + -55b?
-562
In base 15, what is 622 - 120?
502
In base 9, what is 0 + -30130?
-30130
In base 2, what is -1000101001101 - 100?
-1000101010001
In base 2, what is -1010110111000010 + -1?
-1010110111000011
In base 13, what is c - -8507?
8516
In base 3, what is -12 - -2001102220022?
2001102220010
In base 7, what is -151245 + 4?
-151241
In base 3, what is -22001210220 + 1?
-22001210212
In base 5, what is 1020344440 - -1?
1020344441
In base 10, what is 44891 + -1?
44890
In base 6, what is 12155 - 23?
12132
In base 12, what is -187926 + 0?
-187926
In base 14, what is -1a - -118cb?
118b1
In base 4, what is -11 - -20021011122?
20021011111
In base 11, what is 1 - -3717?
3718
In base 3, what is 11 - 211112000?
-211111212
In base 16, what is -84 - 1f11?
-1f95
In base 10, what is 11327 + 1?
11328
In base 8, what is 20 + 321?
341
In base 7, what is -4 + 10222100?
10222063
In base 15, what is -6a6 + -a?
-6b1
In base 10, what is -5711 - -6?
-5705
In base 8, what is -16363 - -5?
-16356
In base 12, what is 4bb5 + 27?
5020
In base 11, what is -519 + 269?
-260
In base 6, what is 22 - 250?
-224
In base 5, what is 31232 + 1102?
32334
In base 10, what is 126 + -33?
93
In base 8, what is -2525351 + -5?
-2525356
In base 9, what is 4 + 33611?
33615
In base 6, what is -11311 + -5?
-11320
In base 3, what is -102102 - -1022211101?
1022101222
In base 3, what is 1011200 + 1122?
1020022
In base 2, what is -1001001011 + -111010?
-1010000101
In base 7, what is -1444163 + 2?
-1444161
In base 2, what is -100 + 1101011111110010?
1101011111101110
In base 14, what is 369 - 15d?
20a
In base 16, what is -7b - -115?
9a
In base 12, what is 345a853 + 0?
345a853
In base 10, what is -7 - -17171?
17164
In base 16, what is e58 - 42?
e16
In base 12, what is -8515 - -4?
-8511
In base 10, what is 0 - 10872?
-10872
In base 7, what is -5 + 102564?
102556
In base 10, what is -48 + -87?
-135
In base 16, what is -5394 + 3?
-5391
In base 9, what is -211656 + 0?
-211656
In base 2, what is -101010100000 + 10000010?
-101000011110
In base 4, what is 2110 - 221020?
-212310
In base 9, what is -1 - 547?
-548
In base 16, what is 10f + -46?
c9
In base 7, what is -15232 - 43?
-15305
In base 11, what is -1924 + 46?
-1889
In base 5, what is -44124013 + 4?
-44124004
In base 6, what is 42342 - -152?
42534
In base 9, what is -1 + -20807?
-20808
In base 5, what is -4 + -130113?
-130122
In base 10, what is 41 - 4030?
-3989
In base 8, what is -12550 - 3?
-12553
In base 3, what is -11 + -1001000121212?
-1001000122000
In base 2, what is 1010001101100 - -100101000?
1010110010100
In base 15, what is 0 - a1d?
-a1d
In base 10, what is 19 + -15918?
-15899
In base 7, what is 23220 - -2?
23222
In base 5, what is 10 + -143202?
-143142
In base 11, what is 24627 + -8?
2461a
In base 9, what is -65 - -7263?
7187
In base 11, what is -7 - 537a?
-5386
In base 4, what is 1322211 + -2023?
1320122
In base 16, what is 1727 + -4?
1723
In base 9, what is 1 - 14066?
-14065
In base 3, what is -200 + 10210000111?
10202222211
In base 6, what is 255 - 15410?
-15111
In base 3, what is -121 + 110001100210?
110001100012
In base 9, what is -1 + -14774?
-14775
In base 15, what is -8 - -245?
23c
In base 15, what is -1a3c0 + d?
-1a3b2
In base 14, what is -474c - -21?
-472b
In base 11, what is -1252 - a?
-1261
In base 16, what is -e46 - -23?
-e23
In base 9, what is -721046 + 1?
-721045
In base 16, what is -17 + -1d0?
-1e7
In base 2, what is 111111110100100 - 100111?
111111101111101
In base 4, what is -1 - -3313330001?
3313330000
In base 16, what is 230 - -970?
ba0
In base 15, what is 3e4 + 1?
3e5
In base 10, what is 2 - 9569?
-9567
In base 9, what is -26 + 43400?
43363
In base 5, what is 1220 - -2411?
4131
In base 2, what is 11111000100010 + -100?
11111000011110
In base 7, what is -3 + -223121?
-223124
In base 2, what is 111011 - -1110001000101?
1110010000000
In base 2, what is 10001010 + 1010101100?
1100110110
In base 11, what is -1 + -a147?
-a148
In base 4, what is 3 + -121113?
-121110
In base 7, what is -2515 - -205?
-2310
In base 16, what is a83d - 3?
a83a
In base 6, what is 1033 + -325?
304
In base 3, what is -1101111 + 12112?
-1011222
In base 15, what is 315 - -10a?
420
In base 11, what is -4777 + 1?
-4776
In base 13, what is 1145 + -19?
1129
In base 9, what is 1552104 - 5?
1552088
In base 14, what is d8 - 6c0?
-5c6
In base 14, what is -b7d9c + -2?
-b7da0
In base 5, what is 12230 - -42020?
104300
In base 4, what is -33301 + -2?
-33303
In base 5, what is -4131440 + -1?
-4131441
In base 11, what is -59 - -869?
810
In base 16, what is 9 + -d25?
-d1c
In base 10, what is 10 + 54269?
54279
In base 6, what is -334202 - -2?
-334200
In base 13, what is c812 - 6?
c809
In base 14, what is -1 - -7dd69?
7dd68
In base 13, what is -18c7c + 8?
-18c74
In base 9, what is -250 - 2355?
-2615
In base 15, what is 15887 + 0?
15887
In base 16, what is e + -1453?
-1445
In base 2, what is 0 - -11010100110101011?
11010100110101011
In base 5, what is -12122102434 - 0?
-12122102434
In base 12, what is -257b506 - 4?
-257b50a
In base 3, what is 12221 + -111220201?
-111200210
In base 2, what is -1111111011 + 1110110010?
-1001001
In base 8, what is -4772 + -5?
-4777
In base 10, what is 3 - -553434?
553437
In base 13, what is 3 + 61c85?
61c88
In base 9, what is -55